 -2*s/(-6) + 23. What are the prime factors of t - (2 - -1)*-1?
29
Suppose 4*a = -3*o + 124, 3*a - 110 = 3*o - o. Let r = 103 - a. List the prime factors of r.
3, 23
Suppose 123*h = 130*h - 5670. What are the prime factors of h?
2, 3, 5
Suppose 0*s + 40 = 2*s. Let x = s + 2. What are the prime factors of 8/10*1485/x?
2, 3
Let s = 13207 - 7600. What are the prime factors of s?
3, 7, 89
Suppose -3*x + 7 = j - 2*x, 0 = 3*j - x - 9. Suppose 95 = j*w + w. What are the prime factors of w?
19
Suppose 0 = t - 2*w + 3*w - 3, 3*t + 3 = w. Suppose t = -a + 4*a - 42. Let b = a + 4. List the prime factors of b.
2, 3
Suppose 0 = -n + 13 + 5. Suppose 5*b + 16 + n = 4*p, 3*p + 2*b = 37. Suppose 0 = -3*o + p + 40. What are the prime factors of o?
17
Suppose 10 = 2*y + 16. List the prime factors of (3546/(-27))/(2/y).
197
Suppose -5*o - t + 15 = -40, 0 = -t. Suppose -6*w - 155 = -o*w. What are the prime factors of w?
31
Let m(o) = -2*o - 3. Let l be m(-4). Suppose 0 = -3*u + 21 - 6, -5*u + l = -4*i. Suppose 0 = g - 0*g - i*a + 4, 3*g - 4*a = 10. What are the prime factors of g?
2, 3
Let q(y) = y**2 + 5*y + 4. Let j be q(7). Suppose j = -7*i + 11*i. List the prime factors of i.
2, 11
Suppose -28 = 2*n + 114. Let a = n - -121. What are the prime factors of ((-20)/a)/(2/(-140))?
2, 7
Let g = 10 - 2. Suppose 12*h = g*h + 20. Suppose h*u + n = -0*u + 206, 5*u = -2*n + 202. List the prime factors of u.
2, 3, 7
Suppose 0 = 4*k - 2*r - 36, 5*k + 17 = -3*r + 73. Suppose -2*p = -4*p - k. Let b = p - -28. What are the prime factors of b?
23
Let i = 162 - 158. Let y = 147 + -84. Suppose r - i*r = -y. What are the prime factors of r?
3, 7
List the prime factors of 10/(-35) + (-4563)/(-21).
7, 31
Suppose -5*x + 9 = 2*m, x + m + 9 = -3*m. Suppose -8*w = -x*w - 160. List the prime factors of w.
2
Let u = -69 + 115. Let h = u - -175. What are the prime factors of h?
13, 17
Let k(x) = -x**2 - 32*x + 8. Let g be (-5 - 0)/(6/12). Let s be k(g). Suppose 2*o + o = -3*z + s, -3*z + 5*o + 260 = 0. What are the prime factors of z?
2, 5
Let u = -27 + 29. List the prime factors of -1 - ((-217)/1 - u).
2, 109
Suppose 5 = -5*k - 0*k. Let r = k - -2. What are the prime factors of (1 + 1)/(r/9)?
2, 3
Suppose q + 3*b = -66, b - 46 = -0*q + q. Let p(n) = 3*n**2 + n - 7. Let g be p(-6). Let w = g + q. List the prime factors of w.
2, 11
Suppose -5*o - 3*p + 262 = 0, -5*p + 170 = 3*o - 0*o. What are the prime factors of o?
2, 5
Let c = 50 - 50. Suppose c = -5*u + u + 4*n + 76, 55 = 4*u + 3*n. What are the prime factors of u?
2
Let j = 181 - 152. Let d = 2 - 1. Suppose 0 = -2*y + d + j. What are the prime factors of y?
3, 5
List the prime factors of 3 + 232 + (9 - 3) + 0.
241
Let k(h) = 46*h**2 + 52*h + 12. What are the prime factors of k(6)?
2, 3, 5, 11
Let j(v) = -v**2 + 20*v - 11. Let o(u) = -u**3 + 10*u**2 + 12*u + 3. Let w be o(11). List the prime factors of j(w).
73
Let t(c) = -24*c - 46. Let h(m) = -m - 1. Let l(v) = -10*h(v) + t(v). What are the prime factors of l(-6)?
2, 3
Suppose 11*h = 3*h + 32. Suppose -g + 114 = -3*k, h*g - 6*g = 4*k - 268. What are the prime factors of g?
2, 3, 7
Suppose 0*w = 5*w - 25. Suppose w*p - 4*p = d - 4, 0 = d - 3*p - 4. What are the prime factors of -1 + 1 - (d + -26)?
2, 11
Let p = -34 + 29. What are the prime factors of ((-93)/9 + p)/(2/(-3))?
23
Suppose 0 = 5*l + 3*i - 4851, -2618 - 1248 = -4*l + 5*i. List the prime factors of l.
3, 17, 19
Let i(c) = -c**3 + 10*c**2 - 10*c + 9. Let r = -6 - -15. Let p be i(r). Suppose p*u - 72 = -4*u. List the prime factors of u.
2, 3
Suppose -4*b = -5*l + 124 + 81, 2*l + 2*b - 82 = 0. Let s = -24 + l. List the prime factors of s.
17
Let d(r) be the second derivative of -r**5/20 + 7*r**4/6 + 5*r**3/3 - 15*r**2 + r. List the prime factors of d(14).
2, 5, 11
Suppose -4*z = 9 - 89. Let w = -12 - z. Let h = -7 - w. List the prime factors of h.
5
Let d(l) = -l + 3. Let s be d(0). Suppose 0 = a + s*a - 256. What are the prime factors of a?
2
Suppose -6*q + 16 = 4*w - 9*q, 0 = -q. Suppose j + 3 = 4*j, 4*j - 744 = -w*k. What are the prime factors of k?
5, 37
Let u = 47 - 38. Suppose -u*t + 552 = -114. List the prime factors of t.
2, 37
Suppose 994 = 4*q + 3*w, -q - 7*w + 257 = -2*w. List the prime factors of q.
13, 19
Suppose -2*s + 1532 = s - 4*v, -4*s + 2*v + 2056 = 0. List the prime factors of s.
2, 3, 43
Suppose 206 = 5*t - 669. List the prime factors of t.
5, 7
Let y be (1 - -1) + (-820)/(-5) + 6. Let v = -119 + y. What are the prime factors of v?
53
Suppose 0 = -t - 3 + 1, 2*o - 758 = 3*t. Suppose -o - 167 = -3*k - 2*j, -k + 168 = 5*j. What are the prime factors of k?
3, 61
Suppose 5*l = 20, -3*g + l + l - 2 = 0. Suppose 0 = -3*y - g*y - 4*p + 93, 4*y + 5*p = 78. What are the prime factors of y?
17
Let h be 1/(-3) + ((-6464)/12)/4. Let f = h + 209. What are the prime factors of f?
2, 37
Let r(h) = 2*h**2 - 3*h + 2. Let z be r(1). Suppose -5*p - z = -6. What are the prime factors of (-3 + 6 - p) + 34?
2, 3
Suppose 0*g - 22 = 5*k - 4*g, k + g = 1. Let d = k + 4. Suppose -3*n + 95 = d*n. What are the prime factors of n?
19
Let r be (-7 + 2)*(-3)/((-75)/10). Let c(q) = -29*q - 7. List the prime factors of c(r).
3, 17
Suppose 0 = -2*g - g - 3*y + 162, 2*g + 5*y - 105 = 0. Let f = g + -26. Let l = f - -3. List the prime factors of l.
2
Let m(r) be the second derivative of -5*r - 1/20*r**5 + 0 + 7/12*r**4 - 7/6*r**3 + 5/2*r**2. What are the prime factors of m(5)?
2, 5
Let a(d) = -3*d**3 - d**2 + d + 1. Let x be a(-1). Suppose 0 = f + x*f - 420. List the prime factors of f.
2, 5, 7
Let n = -7 + 8. Let l be 0 + 0 + n + 1. Suppose 0*s = l*w - 5*s - 52, 5*w - s - 153 = 0. What are the prime factors of w?
31
Let j(y) = -7*y + 22. Suppose 0*s = -3*c + s - 40, 0 = -3*c - 3*s - 48. List the prime factors of j(c).
2, 3, 5
Let t(r) = r**3 + 53*r**2 + 63*r - 524. What are the prime factors of t(-51)?
5, 293
Let q(k) = -k**2 - k + 6. Let j be q(-3). Suppose 5*l + 3*r - 52 = 522, -2*l - 5*r + 241 = j. What are the prime factors of l?
113
Let v(f) be the second derivative of -f**5/10 - f**4/6 - 2*f**3/3 + f**2 - 6*f. What are the prime factors of v(-5)?
2, 3, 37
Suppose 3*a - a + p - 6018 = 0, 3*a - 3*p - 9018 = 0. What are the prime factors of a?
2, 47
Let m(a) be the third derivative of 7*a**6/120 - 3*a**5/20 - a**4/12 - 5*a**3/6 + 9*a**2 - a. List the prime factors of m(4).
3, 97
Suppose 2*r = 8*r - 180. Suppose 633 = 9*l + r. What are the prime factors of l?
67
List the prime factors of 418 + -3 + 69/23.
2, 11, 19
Suppose -11 + 2 = -3*d. Suppose -119 = -2*t - w, d*t = 5*t + 5*w - 107. What are the prime factors of t?
61
Let o(d) = 2*d**2 + 3*d - 2. Let a(h) = h**3 - 4*h**2 + 2*h - 5. Let z(u) = u**2 + u - 2. Let j be z(2). Let f be a(j). List the prime factors of o(f).
5
Let u be ((-14)/10)/((-20)/(-25) + -1). List the prime factors of 2/(-6) + u + 2615/15.
181
Let d(f) = -f**3 + 9*f**2 - 16*f + 8. Let g be d(7). Let h(a) = -9*a + 9. What are the prime factors of h(g)?
3, 7
Let m = 2 + 5. Let s = 8 - m. Let f(d) = 24*d**2 - 1. List the prime factors of f(s).
23
Suppose -6 = 3*h - 3. Let t be -1*(h + -28) - 3. What are the prime factors of 1/2*4 + t?
2, 7
Let g be (9/6 + -4)*2. Let d(j) = -j**3 - 3*j**2 - 2*j + 12. Let r be d(g). Suppose -4*v - 2*n = -2*v - 30, 5*v - r = -2*n. List the prime factors of v.
2, 7
Let p = -899 - -5936. List the prime factors of p.
3, 23, 73
Let y(l) = l**2 - l. Let t be y(-1). Let d(f) = 64*f**2 + 41*f**3 + 3*f**3 + f - 66*f**t. What are the prime factors of d(1)?
43
Let u be ((-24)/20)/(3/(-10)). Suppose -2*a - o + 5*o = -10, -3*o = -u*a. Let l(r) = 4*r**2 + 3*r + 2. List the prime factors of l(a).
29
Suppose 4*z - r - 1302 = 2*r, z - r - 325 = 0. Let d = z + 3. What are the prime factors of d?
2, 3, 5, 11
Let u(q) = -2*q - 1. Let l be u(-3). Suppose 2*c + 3*g = 4*c - 37, 2*c = -l*g + 45. List the prime factors of 1/5 - (-396)/c.
2, 5
Let y(w) = w - 19. Let l be (-6)/(-2) - 0/(-3). Let i(d) = d - 18. Let o(q) = l*y(q) - 4*i(q). List the prime factors of o(-7).
2, 11
Let a = -1966 + 6804. What are the prime factors of a?
2, 41, 59
Let x(c) = -c**2 + 8*c + 8. Let j be x(9). Let m = 5 - j. Let k(a) = 4*a. What are the prime factors of k(m)?
2, 3
Let m be (1 - 1/3) + 56/(-21). Let u(v) = 31*v**2 + 2*v. List t